{"id":2,"date":"2024-06-24T11:41:37","date_gmt":"2024-06-24T11:41:37","guid":{"rendered":"https:\/\/www.wangen.se\/?page_id=2"},"modified":"2026-02-24T15:53:50","modified_gmt":"2026-02-24T14:53:50","slug":"sample-page","status":"publish","type":"page","link":"https:\/\/www.wangen.se\/wardshus\/","title":{"rendered":"W\u00e5ngens W\u00e4rdshus"},"content":{"rendered":"<div\n  class=\"\n    wp-block-section-page-hero module-spacing first:mt-0\n    mb-0\n  \"\n  style=\"\"\n>\n  <div class=\"relative max-h-[500px] lg:max-h-[540px] 2xl:max-h-[700px] overflow-hidden\">\n    <figure\n    class=\"\n      h-full w-full aspect-square overflow-hidden bg-blue-600\n      sm:aspect-video\n    \"\n  >\n    <video\n                    id=\"video-hero-441\"\n                    class=\"w-full h-full object-cover object-center max-h-[700px]\"\n                    poster=\"\"\n                    loop\n                    autoplay\n                    muted\n                    playsinline\n                >\n                    <source src=\"https:\/\/www.wangen.se\/wardshus\/app\/uploads\/2024\/09\/hero-short.mp4\" type=\"video\/mp4\">\n                <\/video>\n  <\/figure>\n  <\/div>\n<\/div>\n\n\n<div\n  class=\"wp-block-bookvisit-widget-accommodation\"\n  style=\"\"\n>\n      <div id=\"bookvisit-widget-conference\"><\/div>\n    <script type=\"text\/javascript\" charset=\"UTF-8\">\n      const config = {};\n      config.channelId = \"0eadb2ca-2ec9-4eb3-a348-722025e4f59d\";\n      config.widgetLayout = \"StandardWideAlternative\";\n      config.WidgetContainerId = \"bookvisit-widget-conference\";\n      config.promoCode = \"false\";\n      config.corpCode = \"false\";\n      config.agentCode = \"false\";\n      config.openOption = \"redirect\";\n      config.loginLink = \"false\";\n      config.currency = \"SEK\";\n      config.languageCulture = \"sv-SE\";\n      config.accommodationTypePicker = \"false\";\n      config.type = \"single_property\";\n      BV.SPWidget({ ...config });\n    <\/script>\n  <\/div>\n\n\n<div\n  class=\"wp-block-section-page-intro module-spacing\"\n  style=\"\"\n>\n  <div class=\"container text-center\">\n          <div\n  class=\"prose md:prose-lg \n          max-w-4xl mx-auto\n          prose-headings:text-2xl\n          prose-headings:mb-4\n          prose-headings:md:text-4xl\n          prose-headings:xl:text-5xl\n          prose-headings:xl:mb-5\n          prose-p:max-w-2xl prose-p:mx-auto\n        \"\n  >\n  \n\n<h2  id=\"valkommen-till-wangens-wardshus\" class=\"wp-block-heading is-style-extra-large\">V\u00e4lkommen till <br>W\u00e5ngens W\u00e4rdshus<\/h2>\n\n\n\n<p class=\"is-style-lead-text\">Hos oss kan du \u00e4ta lunch och middag varje vardag \u2013 i stort sett hela \u00e5ret. H\u00e4r m\u00f6ter du en h\u00e4rlig mix av vacker natur, h\u00e4star och inte minst en god och innerlig service!<\/p>\n\n\n<\/div>\n      <\/div>\n<\/div>\n\n\n<div\n  class=\"\n    wp-block-relevant-pages\n    module-spacing\n      \"\n  style=\"\"\n>\n  <div class=\"container\">\n          <div class=\"grid gap-8 md:grid-cols-12\">\n                  <div class=\"text-center md:col-span-4\">\n            <a\n              href=\"https:\/\/www.wangen.se\/wardshus\/boende\/\"\n              class=\"no-underline group\"\n            >\n                              <figure class=\"w-36 h-36 mx-auto mb-5 aspect-square lg:mb-6\">\n                  <img loading=\"lazy\" decoding=\"async\" width=\"800\" height=\"533\" src=\"https:\/\/www.wangen.se\/wardshus\/app\/uploads\/2024\/10\/wangensvardshus-646a2642-fixad-900x600.jpg\" class=\"w-full h-full object-cover object-center rounded-full\" alt=\"En kvinna med resv\u00e4ska pratar med personal vid en incheckningsdisk. En kock syns i bakgrunden n\u00e4ra ett buff\u00e9bord.\" \/>\n                <\/figure>\n              \n              <h3\n                class=\"\n                  font-slab uppercase text-xl lg:text-2xl\n                  group-hover:underline\n                \"\n              >\n                Boende\n              <\/h3>\n\n                              <p class=\"mt-4 md:text-md\">\n                  Hos oss sover du gott. Vi erbjuder  olika boendeformer, allt fr\u00e5n stuga till hotellrum \u2013 bara fem mil fr\u00e5n \u00c5re och \u00d6stersund.\n                <\/p>\n                          <\/a>\n          <\/div>\n                  <div class=\"text-center md:col-span-4\">\n            <a\n              href=\"https:\/\/www.wangen.se\/wardshus\/restaurang\/\"\n              class=\"no-underline group\"\n            >\n                              <figure class=\"w-36 h-36 mx-auto mb-5 aspect-square lg:mb-6\">\n                  <img loading=\"lazy\" decoding=\"async\" width=\"800\" height=\"533\" src=\"https:\/\/www.wangen.se\/wardshus\/app\/uploads\/2024\/09\/wangensvardshus-646a0832-e1727330868831-900x600.jpg\" class=\"w-full h-full object-cover object-center rounded-full wpsmartcrop-image\" alt=\"En person som b\u00e4r ett f\u00f6rkl\u00e4de och ler varmt b\u00e4r tv\u00e5 fat med vackert upplagd mat. I bakgrunden syns en m\u00e4ngd k\u00f6ksredskap.\" data-smartcrop-focus=\"[70,0]\" \/>\n                <\/figure>\n              \n              <h3\n                class=\"\n                  font-slab uppercase text-xl lg:text-2xl\n                  group-hover:underline\n                \"\n              >\n                Restaurang\n              <\/h3>\n\n                              <p class=\"mt-4 md:text-md\">\n                  I v\u00e5r restaurang serverar vi lunch och middag i stort sett hela \u00e5ret. Vi \u00e4r k\u00e4nda f\u00f6r v\u00e5ra stora lunchbuff\u00e9er.\n                <\/p>\n                          <\/a>\n          <\/div>\n                  <div class=\"text-center md:col-span-4\">\n            <a\n              href=\"https:\/\/www.wangen.se\/wardshus\/konferens\/\"\n              class=\"no-underline group\"\n            >\n                              <figure class=\"w-36 h-36 mx-auto mb-5 aspect-square lg:mb-6\">\n                  <img loading=\"lazy\" decoding=\"async\" width=\"800\" height=\"533\" src=\"https:\/\/www.wangen.se\/wardshus\/app\/uploads\/2024\/09\/wangensvardshus-646a2076-900x600.jpg\" class=\"w-full h-full object-cover object-center rounded-full\" alt=\"\" srcset=\"https:\/\/www.wangen.se\/wardshus\/app\/uploads\/2024\/09\/wangensvardshus-646a2076-900x600.jpg 900w, https:\/\/www.wangen.se\/wardshus\/app\/uploads\/2024\/09\/wangensvardshus-646a2076-1350x900.jpg 1350w, https:\/\/www.wangen.se\/wardshus\/app\/uploads\/2024\/09\/wangensvardshus-646a2076-1536x1024.jpg 1536w, https:\/\/www.wangen.se\/wardshus\/app\/uploads\/2024\/09\/wangensvardshus-646a2076-2048x1366.jpg 2048w\" sizes=\"auto, (max-width: 800px) 100vw, 800px\" \/>\n                <\/figure>\n              \n              <h3\n                class=\"\n                  font-slab uppercase text-xl lg:text-2xl\n                  group-hover:underline\n                \"\n              >\n                Konferens\n              <\/h3>\n\n                              <p class=\"mt-4 md:text-md\">\n                  W\u00e5ngens w\u00e4rdshus erbjuder fina konferensm\u00f6jligheter. H\u00e4r f\u00e5r du personlig service och kan njuta av vidunderlig utsikt.\n                <\/p>\n                          <\/a>\n          <\/div>\n              <\/div>\n    <\/div>\n  <\/div>\n\n\n<div\n  class=\"\n    is-style-beige wp-block-generic-teaser-list\n     module-spacing\n  \"\n  style=\"\"\n>\n  <div class=\"container\">\n                  <div\n  class=\"prose md:prose-lg \n            max-w-4xl mx-auto text-center\n            prose-headings:text-2xl\n            prose-headings:mb-4 prose-headings:mt-0\n            prose-headings:md:text-4xl\n            prose-headings:xl:text-5xl\n            prose-headings:xl:mb-5\n            prose-p:max-w-2xl prose-p:mx-auto\n          \"\n  >\n  <p>Vill du veta vad som h\u00e4nder hos oss just nu? <br>Titta in p\u00e5 <a href=\"https:\/\/www.facebook.com\/WangensWardshus\">W\u00e5ngens w\u00e4rdshus Facebooksida<\/a>.<\/p>\n<\/div>\n      \n              <div\n          class=\"\n            mt-8 grid gap-8\n            lg:grid-cols-12 lg:mt-12\n            first:mt-0\n          \"\n        >\n          <div\n  class=\"\n    wp-block-generic-teaser\n    lg:col-span-6\n  \"\n  style=\"\"\n  x-data=\"{\n    firstLink: null,\n  }\"\n  x-init=\"\n    firstLink = $el.querySelector('div a');\n    if (firstLink) {\n      const img = $el.querySelector('figure img');\n      if (img) {\n        const linkClone = firstLink.cloneNode(true);\n        linkClone.innerHTML = '';\n        linkClone.removeAttribute('class');\n        img.parentNode.insertBefore(linkClone, img);\n        linkClone.appendChild(img);\n      }\n    }\n  \"\n>\n  <div\n    class=\"\n      text-left space-y-4\n      prose-headings:text-xl prose-headings:lg:text-2xl prose-p:lg:text-md\n      prose-img:w-full prose-img:aspect-58\/32 prose-img:object-cover prose-img:rounded\n      prose-figure:mb-5 prose-figure:lg:mb-8\n    \"\n  >\n    \n\n<figure class=\"wp-block-image size-full alignnone\"><img loading=\"lazy\" decoding=\"async\" width=\"1492\" height=\"1008\" src=\"https:\/\/www.wangen.se\/wardshus\/app\/uploads\/2025\/10\/wardshus-grupp-2-beskuren.jpg\" alt=\"\" class=\"wp-image-1548\" srcset=\"https:\/\/www.wangen.se\/wardshus\/app\/uploads\/2025\/10\/wardshus-grupp-2-beskuren.jpg 1492w, https:\/\/www.wangen.se\/wardshus\/app\/uploads\/2025\/10\/wardshus-grupp-2-beskuren-1332x900.jpg 1332w, https:\/\/www.wangen.se\/wardshus\/app\/uploads\/2025\/10\/wardshus-grupp-2-beskuren-900x608.jpg 900w\" sizes=\"auto, (max-width: 1492px) 100vw, 1492px\" \/><\/figure>\n\n\n\n<h2  id=\"vi-fick-guldstjarnan\" class=\"wp-block-heading\">Vi fick Guldstj\u00e4rnan!<\/h2>\n\n\n\n<p>W\u00e5ngens W\u00e4rdshus fick Guldstj\u00e4rnan som \u00e5rets servicef\u00f6retag i Krokoms kommun! Det \u00e4r vi s\u00e5 stolta och glada \u00f6ver. Tack till alla som r\u00f6stade p\u00e5 oss! <\/p>\n\n\n\n<div class=\"wp-block-buttons is-layout-flex wp-block-buttons-is-layout-flex\">\n<div class=\"wp-block-button is-style-default\"><a class=\"wp-block-button__link has-blue-900-color has-yellow-400-background-color has-text-color has-background wp-element-button\" href=\"https:\/\/krokom.se\/kultur-och-fritid\/nyhetsarkiv-kultur-och-fritid\/arkiv\/2025-10-30-arets-serviceforetag-wangens-wardshus-alsen.html\">L\u00e4s mer p\u00e5 Krokoms kommuns webb<\/a><\/div>\n<\/div>\n\n\n  <\/div>\n<\/div>\n<div\n  class=\"\n    wp-block-generic-teaser\n    lg:col-span-6\n  \"\n  style=\"\"\n  x-data=\"{\n    firstLink: null,\n  }\"\n  x-init=\"\n    firstLink = $el.querySelector('div a');\n    if (firstLink) {\n      const img = $el.querySelector('figure img');\n      if (img) {\n        const linkClone = firstLink.cloneNode(true);\n        linkClone.innerHTML = '';\n        linkClone.removeAttribute('class');\n        img.parentNode.insertBefore(linkClone, img);\n        linkClone.appendChild(img);\n      }\n    }\n  \"\n>\n  <div\n    class=\"\n      text-left space-y-4\n      prose-headings:text-xl prose-headings:lg:text-2xl prose-p:lg:text-md\n      prose-img:w-full prose-img:aspect-58\/32 prose-img:object-cover prose-img:rounded\n      prose-figure:mb-5 prose-figure:lg:mb-8\n    \"\n  >\n    \n\n<figure class=\"wp-block-image size-full alignnone\"><img loading=\"lazy\" decoding=\"async\" width=\"2500\" height=\"1667\" src=\"https:\/\/www.wangen.se\/wardshus\/app\/uploads\/2024\/09\/wangensvardshus-646a9910.jpg\" alt=\"En vit tr\u00e4byggnad med skylt med &quot;V\u00e4rdshus&quot; visar upp veckans specialmeny. Huset har en veranda och \u00e4r omgiven av gr\u00f6nska och rosa blommor under en delvis molnig himmel.\" class=\"wp-image-344\" srcset=\"https:\/\/www.wangen.se\/wardshus\/app\/uploads\/2024\/09\/wangensvardshus-646a9910.jpg 2500w, https:\/\/www.wangen.se\/wardshus\/app\/uploads\/2024\/09\/wangensvardshus-646a9910-900x600.jpg 900w, https:\/\/www.wangen.se\/wardshus\/app\/uploads\/2024\/09\/wangensvardshus-646a9910-1350x900.jpg 1350w, https:\/\/www.wangen.se\/wardshus\/app\/uploads\/2024\/09\/wangensvardshus-646a9910-1536x1024.jpg 1536w, https:\/\/www.wangen.se\/wardshus\/app\/uploads\/2024\/09\/wangensvardshus-646a9910-2048x1366.jpg 2048w\" sizes=\"auto, (max-width: 2500px) 100vw, 2500px\" \/><\/figure>\n\n\n\n<h2  id=\"vi-soker-en-wardshus-hotellchef\" class=\"wp-block-heading\">Vi s\u00f6ker en W\u00e4rdshus- &amp; hotellchef <\/h2>\n\n\n\n<p>Efter 21 \u00e5r p\u00e5 W\u00e5ngen ska Lisa ska g\u00e5 i pension. S\u00e5 nu s\u00f6ker vi en W\u00e4rdshus- &amp; hotellchef \u2013 en ledare och entrepren\u00f6r med passion f\u00f6r mat, m\u00e4nniskor och utveckling!<\/p>\n\n\n\n<div class=\"wp-block-buttons is-layout-flex wp-block-buttons-is-layout-flex\">\n<div class=\"wp-block-button is-style-default\"><a class=\"wp-block-button__link has-blue-900-color has-yellow-400-background-color has-text-color has-background wp-element-button\" href=\"https:\/\/www.wangen.se\/wardshus\/vi-soker-en-wardshus-hotellchef\/\">L\u00e4s mer h\u00e4r<\/a><\/div>\n<\/div>\n\n\n  <\/div>\n<\/div>\n\n        <\/div>\n            <\/div>\n<\/div>\n\n\n<div\n  class=\"wp-block-testimonial-slider\"\n  style=\"\"\n>\n  <\/div>\n\n\n\n\n<div\n  class=\"\n    is-style-white wp-block-generic-teaser-list\n     module-spacing\n  \"\n  style=\"\"\n>\n  <div class=\"container\">\n                  <div\n  class=\"prose md:prose-lg \n            max-w-4xl mx-auto text-center\n            prose-headings:text-2xl\n            prose-headings:mb-4 prose-headings:mt-0\n            prose-headings:md:text-4xl\n            prose-headings:xl:text-5xl\n            prose-headings:xl:mb-5\n            prose-p:max-w-2xl prose-p:mx-auto\n          \"\n  >\n  <h2  id=\"om-wangens-wardshus\" class=\"wp-block-heading\">Om W\u00e5ngens W\u00e4rdshus<\/h2>\n<\/div>\n      \n              <div\n          class=\"\n            mt-8 grid gap-8\n            lg:grid-cols-12 lg:mt-12\n            first:mt-0\n          \"\n        >\n          <div\n  class=\"\n    wp-block-generic-teaser\n    lg:col-span-4\n  \"\n  style=\"\"\n  x-data=\"{\n    firstLink: null,\n  }\"\n  x-init=\"\n    firstLink = $el.querySelector('div a');\n    if (firstLink) {\n      const img = $el.querySelector('figure img');\n      if (img) {\n        const linkClone = firstLink.cloneNode(true);\n        linkClone.innerHTML = '';\n        linkClone.removeAttribute('class');\n        img.parentNode.insertBefore(linkClone, img);\n        linkClone.appendChild(img);\n      }\n    }\n  \"\n>\n  <div\n    class=\"\n      text-left space-y-4\n      prose-headings:text-xl\n      prose-img:w-full prose-img:aspect-3\/2 prose-img:object-cover prose-img:rounded\n      prose-figure:mb-5\n    \"\n  >\n    \n\n<figure class=\"wp-block-image size-medium alignnone\"><img loading=\"lazy\" decoding=\"async\" width=\"900\" height=\"600\" src=\"https:\/\/www.wangen.se\/wardshus\/app\/uploads\/2024\/10\/wangensvardshus-646a9934-1-900x600.jpg\" alt=\"En natursk\u00f6n utsikt \u00f6ver en sj\u00f6 med t\u00e4ta gr\u00f6na skogar och avl\u00e4gsna fj\u00e4ll under en bl\u00e5 himmel och vita moln, med suddiga vildblommor i f\u00f6rgrunden f\u00e5ngar platsens och omgivningarnas sk\u00f6nhet.\" class=\"wp-image-615\" srcset=\"https:\/\/www.wangen.se\/wardshus\/app\/uploads\/2024\/10\/wangensvardshus-646a9934-1-900x600.jpg 900w, https:\/\/www.wangen.se\/wardshus\/app\/uploads\/2024\/10\/wangensvardshus-646a9934-1-1350x900.jpg 1350w, https:\/\/www.wangen.se\/wardshus\/app\/uploads\/2024\/10\/wangensvardshus-646a9934-1-1536x1024.jpg 1536w, https:\/\/www.wangen.se\/wardshus\/app\/uploads\/2024\/10\/wangensvardshus-646a9934-1-2048x1366.jpg 2048w\" sizes=\"auto, (max-width: 900px) 100vw, 900px\" \/><\/figure>\n\n\n\n<h2  id=\"platsen-och-omgivningarna\" class=\"wp-block-heading\">Platsen och omgivningarna<\/h2>\n\n\n\n<p>W\u00e5ngen ligger i den vackra Alsenbygden i Krokoms kommun, mitt emellan Vinterstaden \u00d6stersund och skidmetropolen \u00c5re.<\/p>\n\n\n\n<p><a href=\"https:\/\/www.wangen.se\/wardshus\/om-oss\/platsen-och-omgivningarna\/\" data-type=\"page\" data-id=\"36\">L\u00e4s mer<\/a><\/p>\n\n\n  <\/div>\n<\/div>\n<div\n  class=\"\n    wp-block-generic-teaser\n    lg:col-span-4\n  \"\n  style=\"\"\n  x-data=\"{\n    firstLink: null,\n  }\"\n  x-init=\"\n    firstLink = $el.querySelector('div a');\n    if (firstLink) {\n      const img = $el.querySelector('figure img');\n      if (img) {\n        const linkClone = firstLink.cloneNode(true);\n        linkClone.innerHTML = '';\n        linkClone.removeAttribute('class');\n        img.parentNode.insertBefore(linkClone, img);\n        linkClone.appendChild(img);\n      }\n    }\n  \"\n>\n  <div\n    class=\"\n      text-left space-y-4\n      prose-headings:text-xl\n      prose-img:w-full prose-img:aspect-3\/2 prose-img:object-cover prose-img:rounded\n      prose-figure:mb-5\n    \"\n  >\n    \n\n<figure class=\"wp-block-image size-medium alignnone\"><img loading=\"lazy\" decoding=\"async\" width=\"900\" height=\"600\" src=\"https:\/\/www.wangen.se\/wardshus\/app\/uploads\/2024\/09\/wangensvardshus-646a0243-900x600.jpg\" alt=\"\" class=\"wp-image-375\" srcset=\"https:\/\/www.wangen.se\/wardshus\/app\/uploads\/2024\/09\/wangensvardshus-646a0243-900x600.jpg 900w, https:\/\/www.wangen.se\/wardshus\/app\/uploads\/2024\/09\/wangensvardshus-646a0243-1350x900.jpg 1350w, https:\/\/www.wangen.se\/wardshus\/app\/uploads\/2024\/09\/wangensvardshus-646a0243-1536x1024.jpg 1536w, https:\/\/www.wangen.se\/wardshus\/app\/uploads\/2024\/09\/wangensvardshus-646a0243-2048x1366.jpg 2048w\" sizes=\"auto, (max-width: 900px) 100vw, 900px\" \/><\/figure>\n\n\n\n<h2  id=\"hallbarhet\" class=\"wp-block-heading\">H\u00e5llbarhet<\/h2>\n\n\n\n<p>Vi har varit milj\u00f6certifierade sedan 2003 och str\u00e4var hela tiden f\u00f6r att utveckla v\u00e5rt milj\u00f6arbete.<\/p>\n\n\n\n<p><a href=\"https:\/\/www.wangen.se\/wardshus\/om-oss\/hallbarhet\/\">L\u00e4s mer<\/a><\/p>\n\n\n  <\/div>\n<\/div>\n<div\n  class=\"\n    wp-block-generic-teaser\n    lg:col-span-4\n  \"\n  style=\"\"\n  x-data=\"{\n    firstLink: null,\n  }\"\n  x-init=\"\n    firstLink = $el.querySelector('div a');\n    if (firstLink) {\n      const img = $el.querySelector('figure img');\n      if (img) {\n        const linkClone = firstLink.cloneNode(true);\n        linkClone.innerHTML = '';\n        linkClone.removeAttribute('class');\n        img.parentNode.insertBefore(linkClone, img);\n        linkClone.appendChild(img);\n      }\n    }\n  \"\n>\n  <div\n    class=\"\n      text-left space-y-4\n      prose-headings:text-xl\n      prose-img:w-full prose-img:aspect-3\/2 prose-img:object-cover prose-img:rounded\n      prose-figure:mb-5\n    \"\n  >\n    \n\n<figure class=\"wp-block-image size-medium alignnone\"><img loading=\"lazy\" decoding=\"async\" width=\"900\" height=\"600\" src=\"https:\/\/www.wangen.se\/wardshus\/app\/uploads\/2024\/10\/wangensvardshus-646a0599-900x600.jpg\" alt=\"En person fyller glas med dryck utomhus, med en grupp m\u00e4nniskor i bakgrunden en solig dag.\" class=\"wp-image-757\" srcset=\"https:\/\/www.wangen.se\/wardshus\/app\/uploads\/2024\/10\/wangensvardshus-646a0599-900x600.jpg 900w, https:\/\/www.wangen.se\/wardshus\/app\/uploads\/2024\/10\/wangensvardshus-646a0599-1350x900.jpg 1350w, https:\/\/www.wangen.se\/wardshus\/app\/uploads\/2024\/10\/wangensvardshus-646a0599-1536x1024.jpg 1536w, https:\/\/www.wangen.se\/wardshus\/app\/uploads\/2024\/10\/wangensvardshus-646a0599-2048x1366.jpg 2048w\" sizes=\"auto, (max-width: 900px) 100vw, 900px\" \/><\/figure>\n\n\n\n<h2  id=\"fira-hos-oss\" class=\"wp-block-heading\">Fira hos oss<\/h2>\n\n\n\n<p>Kom till oss f\u00f6r att fira jubileum, f\u00f6delsedag, br\u00f6llop eller ordna en sl\u00e4kttr\u00e4ff. Vi lovar att ta hand om dig och dina g\u00e4ster med all den omtanke och personliga service vi \u00e4r s\u00e5 k\u00e4nda f\u00f6r. <\/p>\n\n\n\n<p><a href=\"https:\/\/www.wangen.se\/wardshus\/om-oss\/bilder-video\/\" data-type=\"page\" data-id=\"40\">L\u00e4s mer<\/a><\/p>\n\n\n  <\/div>\n<\/div>\n\n        <\/div>\n            <\/div>\n<\/div>\n","protected":false},"excerpt":{"rendered":"","protected":false},"author":1,"featured_media":0,"parent":0,"menu_order":0,"comment_status":"closed","ping_status":"open","template":"","meta":{"_acf_changed":false,"footnotes":""},"class_list":["post-2","page","type-page","status-publish","hentry"],"acf":[],"yoast_head":"<!-- This site is optimized with the Yoast SEO plugin v27.0 - https:\/\/yoast.com\/product\/yoast-seo-wordpress\/ -->\n<title>W\u00e5ngens W\u00e4rdshus - W\u00e5ngens W\u00e4rdshus<\/title>\n<meta name=\"robots\" content=\"index, follow, max-snippet:-1, max-image-preview:large, max-video-preview:-1\" \/>\n<link rel=\"canonical\" href=\"https:\/\/www.wangen.se\/wardshus\/\" \/>\n<meta property=\"og:locale\" content=\"sv_SE\" \/>\n<meta property=\"og:type\" content=\"article\" \/>\n<meta property=\"og:title\" content=\"W\u00e5ngens W\u00e4rdshus - W\u00e5ngens W\u00e4rdshus\" \/>\n<meta property=\"og:url\" content=\"https:\/\/www.wangen.se\/wardshus\/\" \/>\n<meta property=\"og:site_name\" content=\"W\u00e5ngens W\u00e4rdshus\" \/>\n<meta property=\"article:publisher\" content=\"https:\/\/www.facebook.com\/WangensWardshus\" \/>\n<meta property=\"article:modified_time\" content=\"2026-02-24T14:53:50+00:00\" \/>\n<meta property=\"og:image\" content=\"https:\/\/www.wangen.se\/wardshus\/app\/uploads\/2025\/10\/wardshus-grupp-2-beskuren.jpg\" \/>\n<meta name=\"twitter:card\" content=\"summary_large_image\" \/>\n<meta name=\"twitter:label1\" content=\"Ber\u00e4knad l\u00e4stid\" \/>\n\t<meta name=\"twitter:data1\" content=\"3 minuter\" \/>\n<script type=\"application\/ld+json\" class=\"yoast-schema-graph\">{\"@context\":\"https:\/\/schema.org\",\"@graph\":[{\"@type\":\"WebPage\",\"@id\":\"https:\/\/www.wangen.se\/wardshus\/\",\"url\":\"https:\/\/www.wangen.se\/wardshus\/\",\"name\":\"W\u00e5ngens W\u00e4rdshus - W\u00e5ngens W\u00e4rdshus\",\"isPartOf\":{\"@id\":\"https:\/\/www.wangen.se\/wardshus\/#website\"},\"primaryImageOfPage\":{\"@id\":\"https:\/\/www.wangen.se\/wardshus\/#primaryimage\"},\"image\":{\"@id\":\"https:\/\/www.wangen.se\/wardshus\/#primaryimage\"},\"thumbnailUrl\":\"https:\/\/www.wangen.se\/wardshus\/app\/uploads\/2025\/10\/wardshus-grupp-2-beskuren.jpg\",\"datePublished\":\"2024-06-24T11:41:37+00:00\",\"dateModified\":\"2026-02-24T14:53:50+00:00\",\"breadcrumb\":{\"@id\":\"https:\/\/www.wangen.se\/wardshus\/#breadcrumb\"},\"inLanguage\":\"sv-SE\",\"potentialAction\":[{\"@type\":\"ReadAction\",\"target\":[\"https:\/\/www.wangen.se\/wardshus\/\"]}]},{\"@type\":\"ImageObject\",\"inLanguage\":\"sv-SE\",\"@id\":\"https:\/\/www.wangen.se\/wardshus\/#primaryimage\",\"url\":\"https:\/\/www.wangen.se\/wardshus\/app\/uploads\/2025\/10\/wardshus-grupp-2-beskuren.jpg\",\"contentUrl\":\"https:\/\/www.wangen.se\/wardshus\/app\/uploads\/2025\/10\/wardshus-grupp-2-beskuren.jpg\",\"width\":1492,\"height\":1008},{\"@type\":\"BreadcrumbList\",\"@id\":\"https:\/\/www.wangen.se\/wardshus\/#breadcrumb\",\"itemListElement\":[{\"@type\":\"ListItem\",\"position\":1,\"name\":\"Hem\",\"item\":\"https:\/\/www.wangen.se\/wardshus\/\"},{\"@type\":\"ListItem\",\"position\":2,\"name\":\"W\u00e5ngens W\u00e4rdshus\"}]},{\"@type\":\"WebSite\",\"@id\":\"https:\/\/www.wangen.se\/wardshus\/#website\",\"url\":\"https:\/\/www.wangen.se\/wardshus\/\",\"name\":\"W\u00e5ngens W\u00e4rdshus\",\"description\":\"P\u00e5 W\u00e5ngens W\u00e4rdshus m\u00f6ter du en h\u00e4rlig mix av vacker milj\u00f6, h\u00e4star och natur.\",\"potentialAction\":[{\"@type\":\"SearchAction\",\"target\":{\"@type\":\"EntryPoint\",\"urlTemplate\":\"https:\/\/www.wangen.se\/wardshus\/?s={search_term_string}\"},\"query-input\":{\"@type\":\"PropertyValueSpecification\",\"valueRequired\":true,\"valueName\":\"search_term_string\"}}],\"inLanguage\":\"sv-SE\"}]}<\/script>\n<!-- \/ Yoast SEO plugin. -->","yoast_head_json":{"title":"W\u00e5ngens W\u00e4rdshus - W\u00e5ngens W\u00e4rdshus","robots":{"index":"index","follow":"follow","max-snippet":"max-snippet:-1","max-image-preview":"max-image-preview:large","max-video-preview":"max-video-preview:-1"},"canonical":"https:\/\/www.wangen.se\/wardshus\/","og_locale":"sv_SE","og_type":"article","og_title":"W\u00e5ngens W\u00e4rdshus - W\u00e5ngens W\u00e4rdshus","og_url":"https:\/\/www.wangen.se\/wardshus\/","og_site_name":"W\u00e5ngens W\u00e4rdshus","article_publisher":"https:\/\/www.facebook.com\/WangensWardshus","article_modified_time":"2026-02-24T14:53:50+00:00","og_image":[{"url":"https:\/\/www.wangen.se\/wardshus\/app\/uploads\/2025\/10\/wardshus-grupp-2-beskuren.jpg","type":"","width":"","height":""}],"twitter_card":"summary_large_image","twitter_misc":{"Ber\u00e4knad l\u00e4stid":"3 minuter"},"schema":{"@context":"https:\/\/schema.org","@graph":[{"@type":"WebPage","@id":"https:\/\/www.wangen.se\/wardshus\/","url":"https:\/\/www.wangen.se\/wardshus\/","name":"W\u00e5ngens W\u00e4rdshus - W\u00e5ngens W\u00e4rdshus","isPartOf":{"@id":"https:\/\/www.wangen.se\/wardshus\/#website"},"primaryImageOfPage":{"@id":"https:\/\/www.wangen.se\/wardshus\/#primaryimage"},"image":{"@id":"https:\/\/www.wangen.se\/wardshus\/#primaryimage"},"thumbnailUrl":"https:\/\/www.wangen.se\/wardshus\/app\/uploads\/2025\/10\/wardshus-grupp-2-beskuren.jpg","datePublished":"2024-06-24T11:41:37+00:00","dateModified":"2026-02-24T14:53:50+00:00","breadcrumb":{"@id":"https:\/\/www.wangen.se\/wardshus\/#breadcrumb"},"inLanguage":"sv-SE","potentialAction":[{"@type":"ReadAction","target":["https:\/\/www.wangen.se\/wardshus\/"]}]},{"@type":"ImageObject","inLanguage":"sv-SE","@id":"https:\/\/www.wangen.se\/wardshus\/#primaryimage","url":"https:\/\/www.wangen.se\/wardshus\/app\/uploads\/2025\/10\/wardshus-grupp-2-beskuren.jpg","contentUrl":"https:\/\/www.wangen.se\/wardshus\/app\/uploads\/2025\/10\/wardshus-grupp-2-beskuren.jpg","width":1492,"height":1008},{"@type":"BreadcrumbList","@id":"https:\/\/www.wangen.se\/wardshus\/#breadcrumb","itemListElement":[{"@type":"ListItem","position":1,"name":"Hem","item":"https:\/\/www.wangen.se\/wardshus\/"},{"@type":"ListItem","position":2,"name":"W\u00e5ngens W\u00e4rdshus"}]},{"@type":"WebSite","@id":"https:\/\/www.wangen.se\/wardshus\/#website","url":"https:\/\/www.wangen.se\/wardshus\/","name":"W\u00e5ngens W\u00e4rdshus","description":"P\u00e5 W\u00e5ngens W\u00e4rdshus m\u00f6ter du en h\u00e4rlig mix av vacker milj\u00f6, h\u00e4star och natur.","potentialAction":[{"@type":"SearchAction","target":{"@type":"EntryPoint","urlTemplate":"https:\/\/www.wangen.se\/wardshus\/?s={search_term_string}"},"query-input":{"@type":"PropertyValueSpecification","valueRequired":true,"valueName":"search_term_string"}}],"inLanguage":"sv-SE"}]}},"_links":{"self":[{"href":"https:\/\/www.wangen.se\/wardshus\/wp-json\/wp\/v2\/pages\/2","targetHints":{"allow":["GET"]}}],"collection":[{"href":"https:\/\/www.wangen.se\/wardshus\/wp-json\/wp\/v2\/pages"}],"about":[{"href":"https:\/\/www.wangen.se\/wardshus\/wp-json\/wp\/v2\/types\/page"}],"author":[{"embeddable":true,"href":"https:\/\/www.wangen.se\/wardshus\/wp-json\/wp\/v2\/users\/1"}],"replies":[{"embeddable":true,"href":"https:\/\/www.wangen.se\/wardshus\/wp-json\/wp\/v2\/comments?post=2"}],"version-history":[{"count":100,"href":"https:\/\/www.wangen.se\/wardshus\/wp-json\/wp\/v2\/pages\/2\/revisions"}],"predecessor-version":[{"id":1728,"href":"https:\/\/www.wangen.se\/wardshus\/wp-json\/wp\/v2\/pages\/2\/revisions\/1728"}],"wp:attachment":[{"href":"https:\/\/www.wangen.se\/wardshus\/wp-json\/wp\/v2\/media?parent=2"}],"curies":[{"name":"wp","href":"https:\/\/api.w.org\/{rel}","templated":true}]}}